 base 15, what is 0 + 1117e1a?
1117e1a
In base 7, what is -443 + 11210?
10434
In base 10, what is 48789782 - -5?
48789787
In base 4, what is 10 - 2230221030?
-2230221020
In base 6, what is -5 - -333325302?
333325253
In base 16, what is -9 - -168a3?
1689a
In base 15, what is 7b2073c + -2?
7b2073a
In base 9, what is 40835686 - 5?
40835681
In base 16, what is 6ca3 - 1731?
5572
In base 16, what is 15bff - ac?
15b53
In base 2, what is -101100010110010111100110 - -101110?
-101100010110010110111000
In base 8, what is -153536 + 7?
-153527
In base 11, what is 1 - 15709aaa?
-15709aa9
In base 16, what is -296157 - -20?
-296137
In base 13, what is -25067 + 633?
-24734
In base 13, what is -1c230b7 + 14?
-1c230a3
In base 14, what is 6c98 - -3a03?
a89b
In base 9, what is 1857 - -273624?
275582
In base 14, what is -a - -1c6a8dd?
1c6a8d3
In base 6, what is 50411200 + -3?
50411153
In base 6, what is 0 + 44351553522?
44351553522
In base 16, what is 54 + -2e4468?
-2e4414
In base 10, what is 2 - -26454402?
26454404
In base 12, what is -1 + 6170126?
6170125
In base 12, what is -42 + 695?
653
In base 4, what is 203 + -20020013103?
-20020012300
In base 7, what is 1 + 31653360?
31653361
In base 3, what is -1201120121210 - -212?
-1201120120221
In base 5, what is -10042020 + -1344?
-10043414
In base 11, what is -251 - 7304?
-7555
In base 6, what is -31 + 2354341?
2354310
In base 4, what is 1122310332 - 10012?
1122300320
In base 8, what is 211 + -463?
-252
In base 7, what is -261 - 2053515?
-2054106
In base 15, what is 41 - -3163?
31a4
In base 6, what is 110151 - 51205?
14542
In base 8, what is 176450032 - 4?
176450026
In base 11, what is 63203163 + -2?
63203161
In base 14, what is -3ba9c + -12a?
-3bbc8
In base 9, what is 8110550 + 8?
8110558
In base 2, what is 11100100101110 - -1100111111100111?
10000100100010101
In base 6, what is 5 + -44133031?
-44133022
In base 14, what is 160ba26c4 - -2?
160ba26c6
In base 9, what is 3187770 - -5?
3187775
In base 6, what is -3044404225 - 4?
-3044404233
In base 9, what is 824245 + 1386?
825642
In base 6, what is 120011030 + -4?
120011022
In base 12, what is 0 - -18228781?
18228781
In base 6, what is 21420 + 15453?
41313
In base 11, what is 1595292 + 2?
1595294
In base 5, what is -120034320 + -1342?
-120041212
In base 8, what is -12 - 67524757?
-67524771
In base 11, what is -6 + 125aa451?
125aa446
In base 7, what is 10 - 340336404?
-340336364
In base 9, what is 18 - 532712?
-532683
In base 16, what is 316 + d93?
10a9
In base 5, what is -12333201 + 2424?
-12330222
In base 2, what is 1 + -10111111000010110001?
-10111111000010110000
In base 3, what is -1 - -1001120200101201?
1001120200101200
In base 4, what is 23310 - 12121302?
-12031332
In base 5, what is 1031 - 1301041400?
-1301040314
In base 11, what is 68 - -10329?
10396
In base 5, what is 40303431 + 30440?
40334421
In base 7, what is -10600114 + 5?
-10600106
In base 13, what is 9 + 1b9a8?
1b9b4
In base 3, what is -20120122101 - -122000200?
-12221121201
In base 6, what is 2 + -412255543?
-412255541
In base 10, what is 84118 - 648?
83470
In base 2, what is -1010000010010 + 110000000100011000?
101110110100000110
In base 3, what is -10201120222110 - -1?
-10201120222102
In base 13, what is -4 - -caa0908?
caa0904
In base 12, what is -aaa6 + -4449?
-13333
In base 2, what is 1010010000 - -1010000100010?
1011010110010
In base 12, what is -11745927 - 5?
-11745930
In base 2, what is 1 + 110010111011100111001011?
110010111011100111001100
In base 13, what is -1 - -20b0125b?
20b0125a
In base 4, what is -11223 - 232233201?
-232311030
In base 2, what is -111101100010001011111 - 10101111?
-111101100010100001110
In base 15, what is -543c + 3c1c?
-1720
In base 10, what is 1 + -33862700?
-33862699
In base 16, what is 3e - -23430?
2346e
In base 13, what is 470963c - -a?
4709649
In base 12, what is -3b57 - -26b?
-38a8
In base 2, what is -1001000110000 + -1001000110111?
-10010001100111
In base 2, what is -1111111011101000011111011110 + -100?
-1111111011101000011111100010
In base 15, what is 25b58b - -2?
25b58d
In base 5, what is -3 + -202431141?
-202431144
In base 14, what is -9248d + 4?
-92489
In base 13, what is c88 - 183a?
-882
In base 4, what is -122121221 - 32021?
-122213302
In base 11, what is -678a - -1372?
-5418
In base 3, what is -10111101 - -12210102?
2022001
In base 14, what is 2 - -5c93b1?
5c93b3
In base 13, what is 768a56 + 28?
768a81
In base 14, what is -9c - 1892?
-1950
In base 3, what is 1011000110 + 122211?
1011200021
In base 6, what is 22 - -4013500?
4013522
In base 12, what is 4217a2 + -6?
421798
In base 14, what is -3c80 - 1235?
-50b5
In base 5, what is 13332423 + 22?
13333000
In base 4, what is -3 - -131110032320?
131110032311
In base 2, what is -111101000 - 110101010000011100?
-110101011000000100
In base 11, what is 65 + 173a?
17a4
In base 14, what is -3 + -12b94d7?
-12b94da
In base 7, what is 155331 + 541?
156202
In base 3, what is -12000111001 + 2012?
-12000101212
In base 13, what is 95 + 1a015?
1a0aa
In base 12, what is 5a74b + a7?
5a836
In base 7, what is 153015 + -26026?
123656
In base 12, what is -2750 + -8187?
-a917
In base 8, what is 16171 - 2755?
13214
In base 10, what is 0 - -2593384?
2593384
In base 7, what is 264140 - -2321?
266461
In base 16, what is -3c584e - 5?
-3c5853
In base 16, what is -4a - 8779e5?
-877a2f
In base 7, what is -304110361 - -4?
-304110354
In base 10, what is 291 - -795052?
795343
In base 12, what is -11386 + -3a1?
-11767
In base 3, what is -12 + 11222122011001?
11222122010212
In base 3, what is -2011 - -1220022220000010?
1220022212220222
In base 7, what is -3626 - -6336?
2410
In base 8, what is -2 - 1517433206?
-1517433210
In base 4, what is -20332002 - 113222?
-21111230
In base 9, what is 217152483 - 1?
217152482
In base 6, what is -44 + 1443134?
1443050
In base 5, what is 10241 + 21401341?
21412132
In base 10, what is -462425 + 94?
-462331
In base 11, what is 59754 - -245?
59999
In base 15, what is 131b95c - 5?
131b957
In base 12, what is -6 + 63a282?
63a278
In base 13, what is 0 - 5056a8b?
-5056a8b
In base 2, what is 110011111010110100 - -1011000011010?
110101010011001110
In base 15, what is -5 - 427426b?
-4274271
In base 5, what is -1323024111 + -124?
-1323024240
In base 9, what is 4381280 - -3?
4381283
In base 10, what is -4 - -54211128?
54211124
In base 3, what is 2 + -11001110212102?
-11001110212100
In base 5, what is -23421 - 1142411?
-1221332
In base 4, what is -1 - 1110013130003?
-1110013130010
In base 6, what is 404022353 + 25?
404022422
In base 11, what is 5 + -830041?
-830037
In base 8, what is -17342 + 7177?
-10143
In base 9, what is 7023 + 21247?
28271
In base 7, what is -5 - -264215002?
264214664
In base 16, what is -2835 - -443?
-23f2
In base 6, what is 22434035 + 3?
22434042
In base 8, what is -2146550 + 13?
-2146535
In base 4, what is -10020131 - -120311?
-3233220
In base 9, what is -2701 + -1061184?
-1063885
In base 8, what is 513535756 - -2?
513535760
In base 7, what is 16131635 + 0?
16131635
In base 9, what is -5077 + 28400?
23312
In base 8, what is 0 - -25021732?
25021732
In base 12, what is 63303b09 + -2?
63303b07
In base 8, what is 32654677 + 116?
32655015
In base 8, what is 5242045 + -42?
5242003
In base 7, what is 2 + 2601255325?
2601255330
In base 12, what is 3582 - -27?
35a9
In base 7, what is -106303120 - 0?
-106303120
In base 2, what is 1010011011011111010011110 + -11?
1010011011011111010011011
In base 5, what is 4113 + -422400?
-413232
In base 10, what is 1174 - 15345?
-14171
In base 7, what is -2 + -1365536142?
-1365536144
In base 6, what is -30 - 313541011?
-313541041
In base 6, what is -223334513 + 11?
-223334502
In base 4, what is -22 - 23312123010?
-23312123032
In base 14, what is -9c5 - 4bdca?
-4c9b1
In base 11, what is 1119 - 20086?
-19a68
In base 16, what is -20a53 - -7f?
-209d4
In base 5, what is -12242 - 20203330?
-20221122
In base 10, what is -738857 - -402?
-738455
In base 16, what is -3252f6 + 1?
-3252f5
In base 6, what is 0 - -551220041?
551220041
In base 9, what is -386632 - 41?
-386673
In base 2, what is 101010 + 1000010110101010010?
1000010110101111100
In base 11, what is 5 - 3a45512?
-3a45508
In base 6, what is -1 + 1401214014?
1401214013
In base 3, what is -101102021121200 - 12?
-101102021121212
I